 - 1)?
-5
2 - 2 - (2 + (0 - 3))
1
What is the value of -8 - (1 + 5 + -10)?
-4
What is the value of 6 + (-4 - 1) - 6?
-5
Calculate -25 + -4 + 17 - -11.
-1
Evaluate -1 - 0 - (-2 + -3).
4
What is (1 - 3) + -18 + (24 - 10)?
-6
Evaluate 1 - (-1 - (-4 + 3)) - 3.
-2
Calculate 0 + -4 + 6 + -4.
-2
Evaluate 6 + 0 - (1 - 0).
5
Calculate 13 + (-9 + -4 - 4).
-4
Calculate -46 + 41 + 0 + -2.
-7
What is the value of -1 + 0 + 2 + -6?
-5
What is (-3 - (-2 - (-2 + -1))) + 6?
2
-4 + -5 - (-8 + -9)
8
What is the value of 1 - (0 - (-2 + 0))?
-1
Evaluate (-2 - 3) + 8 - (0 + 8).
-5
What is -4 + (-2 - -7) + 2?
3
What is 3 - 4 - 3 - (-11 + 3)?
4
What is 5 + 0 + -40 + 38?
3
Evaluate (-3 - 1) + 8 - 3.
1
What is (4 - (2 + -3)) + -13 + 5?
-3
What is the value of (0 - (0 - 4 - -9)) + 1?
-4
Calculate -3 - (0 + 4 + -5).
-2
(0 - 1) + -14 + 17
2
What is (-3 - -5) + (1 + 3 - 3)?
3
-4 + 0 - (12 + -14)
-2
Calculate (-8 - -1) + (-17 - -24).
0
What is -4 - -5 - (-1 - (2 - -1))?
5
Calculate (17 - 16) + (-2 + -5 - 3).
-9
What is (3 - 2 - -1) + (7 - 6)?
3
-4 + (2 - 0) + 4
2
Evaluate 5 + -6 - -15 - 9.
5
What is (-3 - -7) + -2 + 6?
8
What is the value of 2 - (-57 + 59 - (-4 - 1))?
-5
What is the value of -1 - -18 - 6 - 9?
2
Evaluate -9 - ((2 - 6) + -2).
-3
Evaluate (8 - 5) + 1 + 1.
5
Evaluate 5 + 2 + -1 + 0 - 4.
2
What is 3 + 2 - (8 - 1)?
-2
Calculate (-2 - -3) + -2 - (-2 - -6).
-5
Calculate -14 + 14 + 2 + -1 + -10.
-9
What is the value of -1 - (5 - (1 - -10))?
5
What is the value of 0 - (8 - (1 - -2 - 3))?
-8
Evaluate -5 - -6 - (2 + 1).
-2
Calculate -1 + 2 + (11 - 7).
5
Evaluate -8 - (-15 - (-14 + 6)).
-1
Evaluate 5 - ((25 + -6 - 4) + -5).
-5
What is (67 - 58) + -1 + -6 + -2?
0
What is 1 + (-6 + -4 + 4 - -8)?
3
Evaluate (0 - -2 - (8 + -2)) + 4.
0
Calculate (-5 - (4 + -12)) + -2.
1
(6 + 1 - 3) + 16 + -19
1
Evaluate -14 + (8 - 4) + 7.
-3
Evaluate -6 + 1 + 2 + 3.
0
Calculate 11 + (8 - 4) + -12.
3
Calculate -2 - (2 + -6 + 4 - 2).
0
(49 - 37) + (1 - 4)
9
Calculate -5 + 4 + -2 + 4 + -2.
-1
Evaluate 1 + -3 + 1 + 5 + -2.
2
Evaluate 3 + -13 + 4 - -1.
-5
What is the value of -2 - (3 - 0) - (0 + 0)?
-5
0 - -5 - 3 - 7
-5
Calculate 20 + 0 - 7 - 8.
5
Calculate (-5 - (-4 + 1)) + 7.
5
Calculate 3 + (0 - -8 - 6).
5
4 + (12 + -16 - 3)
-3
18 - 5 - 21 - (1 - 3)
-6
1 + 0 - 7 - -6
0
Calculate 3 + (0 - 0) + -2.
1
Calculate 1 + 0 - -2 - (-3 + 4).
2
What is -2 + 0 + 6 + (-4 - -2)?
2
Calculate 2 + (1 - 6) + -1.
-4
5 - -3 - -2 - 4
6
2 + (-8 + 4 - (-2 + -2))
2
Calculate 1 - (3 + -9) - 8.
-1
Calculate -2 - (4 + -3 - -2).
-5
What is 7 - (12 + -4 - -1)?
-2
-3 - (-1 + 1 - 1)
-2
What is (-2 + -2 - -2) + -3 + 5?
0
What is -119 + 113 - (0 + -5)?
-1
1 + (1 - -2) + -9 - -5
0
-2 - (1 - (5 - 6))
-4
Evaluate -5 + 15 + 1 + -6 + -1.
4
Evaluate (-12 - -7) + (5 - 4).
-4
Calculate 1 + -3 + 8 - 2.
4
What is (-1 - -2) + -8 + 13?
6
Calculate (-4 - -13 - 0) + -3.
6
Calculate (9 - 3) + (-3 - (-1 + 0)).
4
Calculate (1 - 1) + 2 + -1 + 4.
5
What is (4 - (6 + -4)) + -8 + 4?
-2
Evaluate (3 - (7 - 2)) + (1 - 0).
-1
What is 2 + (-8 - (3 - 3)) - -1?
-5
-5 - (-9 - 3) - 6
1
What is the value of -6 + 1 - (-14 - -9)?
0
What is -6 + (5 - (0 + -5)) - -2?
6
-11 + 8 + (-2 - -7)
2
What is -2 + -2 - ((-13 - 0) + 4)?
5
What is the value of (-2 + 6 - (18 - 15)) + 5?
6
What is -4 + -2 + 5 - -6?
5
What is (2 - 4 - -4) + -2?
0
What is -73 - -80 - (0 - -6)?
1
Evaluate (4 - 10 - -2) + 2 + -3.
-5
Evaluate -3 - -8 - 3 - 0.
2
Calculate 1 - -3 - (1 + 2) - 1.
0
Evaluate 2 - 5 - (-3 - 3).
3
-4 - -11 - (18 + 1 + -6)
-6
(7 + 0 - 0) + -12
-5
What is 6 - (3 + 3 - (3 - 1))?
2
-1 - ((-7 - -2) + 3)
1
(3 - (12 + -4 + -8)) + -7
-4
5 + -10 - -12 - 10
-3
0 - (0 - (5 + 1) - -9)
-3
What is the value of -18 + 12 - (0 - 7) - 9?
-8
Evaluate 2 + -1 - (6 + -4).
-1
Calculate -2 + 1 + 4 + -3 + -4.
-4
-4 - -4 - (3 + 0)
-3
What is the value of -8 + 0 - ((-3 - -2) + -3)?
-4
Calculate 21 + (-4 - 4) - 6.
7
(-4 - -8 - 11) + -10 - -7
-10
((4 - 8) + 4 - 3) + 6
3
Calculate 26 - 19 - (2 - (1 - 2)).
4
What is the value of -6 - 2 - 2 - (-172 - -169)?
-7
What is the value of (-6 - (-4 + -5)) + -6?
-3
Calculate (1 + -5 - (7 - 7)) + -1.
-5
-2 + 5 - (5 - 5 - 4)
7
-1 + -7 - (-164 - -161)
-5
What is -15 + 14 - (7 - 6)?
-2
(-6 - -4) + 0 + -3 + -1
-6
Evaluate 3 + -3 + (1 + -4 - 2).
-5
What is -10 + 1 + (-11 - -19)?
-1
Calculate 4 + (-4 - (-3 + 2)).
1
-10 + 8 + 11 + -15
-6
What is the value of 10 + (-1 + 5 - 16)?
-2
(28 - 32) + (7 - 1)
2
What is -1 + (5 - 6 - 0)?
-2
What is (0 - 4) + (1 + 0 - -2)?
-1
What is -1 + 6 + (3 - (2 + 1))?
5
What is 1 - 0 - (2 - (-3 + 1))?
-3
Evaluate 0 + (-3 - 6) - (2 + -7).
-4
Calculate 38 + -39 + (3 - (0 - 0)).
2
Evaluate 1 - 1 - (-13 + 7 + 5).
1
Calculate 6 + 1 + 7 + -12.
2
Evaluate 2 + (5 - 11 - -3) + -2.
-3
What is -1 + (-1 + 4 - -3 - 3)?
2
0 + -1 + (-8 - -6)
-3
Evaluate 2 - -5 - (29 - 10 - 17).
5
What is 2 + -3 - (1 - (-1 - -7))?
4
What is the value of (3 - (0 - (-2 + -1))) + 2?
2
Evaluate -4 + (3 + 4 + 2 - 4).
1
8 + -3 + -2 - 3
0
Evaluate (-7 - -1) + (-13 - -16).
-3
What is -2 - -2 - 3 - (2 + -10)?
5
Evaluate 3 - (3 - ((-4 - -1) + 8)).
5
-27 - -22 - (-7 + 3 - -3)
-4
Calculate -1 + 3 + (1 - (-2 + 3)).
2
What is the value of 4 + -1 - (-10 + 8 + 0)?
5
What is the value of 15 + -16 + (1 - -1) + -4?
-3
0 - (-5 + 2 - -1)
2
What is (5 - 4) + (-7 - -2) - -4?
0
What is the value of 11 + (1 - (-2 - -4 - -4))?
6
What is the value of 149 + -158 + -2 + 14?
3
-2 + (0 + (4 - 2) - -3)
3
Calculate 2 - (5 - 3) - -1 - 1.
0
5 + (6 - 14) + 7
4
Evaluate 12 + -12 - (-1 - 1) - 6.
-4
What is the value of 3 - 9 - (4 - 9 - -2)?
-3
-1 + 4 + -15 + 16
4
What is the value of 3 + (6 + -4 + -5 - -4)?
4
2 + (4 + -2 - (-6 - -5))
5
What is the value of (0 - 1) + (2 - (-1 + 0))?
2
(7 - 5) + (9 - (-9 + 18))
2
(-2 - (2 + -3 - 1)) + 1
1
1 + -2 - (-8 - (-3 - 6))
-2
Calculate -3 - (0 + (-4 - (5 - 3))).
3
Calculate 4 + 2 + 5 + -3 + -5.
3
Evaluate (9 + -10 - -16) + -7.
8
What is the value of (5 + -9 - 0) + 7?
3
Evaluate -3 + -1 - (-6 + 5 - 0).
-3
What is the value of 5 - (-1 - 1) - (-1 + 4)?
4
What is the value of (1 - 3) + 6 + -3 + 0?
1
What is the value of -3 + (7 - 14 - -2)?
-8
Calculate 1 + (1 - 5 - -4).
1
Calculate -11 + 14 - (0 + -1).
4
Evaluate (4 - 12) + 3 + 1 + 8.
4
(7 - 2) + (7 - 7) + -6
-1
Calculate -1 - -4 - (5 + (8 - 8)).
-2
Evaluate 1 + 4 - 1 - (3 - 2).
3
Evaluate -5 + -6 + -3 + 17.
3
Evaluate 1 - (-1 - 2 - -10 - 3).
-3
Evaluate 2 - 5 - -3 - (1 - 0).
-1
What is the value of 0 + 3 - (2 - 4)?
5
What is the value of -2 + 3 + -2 + 0?
-1
What is the value of 0 + 1 - (3 - -3)?
-5
3 + (-4 - (7 + -2))
-6
What is 3 + (2 - (-2 - -10))?
-3
(0 - 5) + (4 - 13 - -10)
-4
What is the value of -1 + 4 + (-14 - -8)?
-3
What is the value of 3 - (5 - (4 - 1) - 1)?
2
Evaluate 4 + (2 - -1 - 3).
4
What is 2 - (-3 + -2) - 2 - 1?
4
Evaluate 0 - (-3 - -5) - (1 - 8).
5
What is the value of (0 - -2) + -3 - (4 + 0)?
-5
What is -1 - (5 + -6) - 6?
-6
What is the value of -4 - (-2 + 0) - (13 - 12)?
-3
8 + (-4 - 8) - -2
-2
What is the value of -3 + 8 + -8 + (2 - -10)?
9
What is 4 - 14 - (-19 + 1)?
8
Evaluate 4 - ((-4 - (2 + -9)) + 1).
0
(0 - (1 + -2)) + 4 + -1
4
What is the value of 0 + (4 - 4 - -3) + -3?
0
(0 - (-2 - (1 + -3))) + 1
1
Calculate (6 - (12 - 7)) + 6.
7
Evaluate 0 + -1 + -2 + 1.
-2
Calculate 18 - (-3 - -25 - 10).
6
What is (6 - 1 - 4) + -1 - 3?
-3
Calculate 9 - (-11 + 12) - 8.
0
Evaluate -1 - 0 - 3 - (-19 - -12).
3
2 - (-1 - (1 - 6))
-2
What is (5 - 1) + (-23 - -22)?
3
What is 5 + -6 + 3 + (1 - 0)?
3
Calculate -2 + (15 - (-1 - -7)).
7
Calculate 0 + 8 + 1 + 50 + -54.
5
-6 + (1 + 9 - 9)
-5
23 - 28 - (-8 + 1 + 1)
1
What is (3 - 4) + 4 + -4?
-1
Evaluate 0 - (-29 + 23 - (-4 + 0)).
2
What is 14 - 13 - (1 + 4)?
-4
Calculate -1 + 3 - (12 - (6 - -1)).
-3
What is 0 + -4 - (-3 - 5) - -2?
6
What is 13 + (2 - 9 - -1)?
7
What is 1 - 5 - -6 - 0?
2
What is the value of 5 + -8 + 0 + 1?
-2
Calculate (-10 - -8) + 3 + (-1 - -4).
4
What is the value of 2 - (-1 + (1 - -12)) - -7?
-3
What is the value of 0 + -3 + 10 - (18 + -17)?
6
What is the value of -13 - (-13 - (-13 + 12))?
-1
What is the value of -9 + 0 + 2 + 3 + -3?
-7
What is 3 + (-4 - 4) - 3?
-8
What is the value of 10 - 6 - (1 + 6) - -3?
0
Evaluate -3 + (3 - 6) + (11 - 8).
-3
(3 - 7) + (6 + -6 - -8)
4
Calculate -8 + 6 + -9 + (7 - 1).
-5
What is -1 - (0 - -2) - (9 - 12)?
0
0 + 1 + 3